 53, 59
List the prime factors of 687.
3, 229
List the prime factors of 24127.
23, 1049
List the prime factors of 63464.
2, 7933
What are the prime factors of 753?
3, 251
List the prime factors of 5121.
3, 569
What are the prime factors of 1020?
2, 3, 5, 17
List the prime factors of 182178.
2, 3, 29, 349
List the prime factors of 45396.
2, 3, 13, 97
List the prime factors of 17457.
3, 11, 23
List the prime factors of 9492.
2, 3, 7, 113
List the prime factors of 57141.
3, 7, 907
List the prime factors of 12333.
3, 4111
List the prime factors of 264.
2, 3, 11
What are the prime factors of 116?
2, 29
What are the prime factors of 7876?
2, 11, 179
List the prime factors of 2626.
2, 13, 101
List the prime factors of 1281.
3, 7, 61
What are the prime factors of 22476?
2, 3, 1873
What are the prime factors of 29663?
29663
What are the prime factors of 11726?
2, 11, 13, 41
List the prime factors of 4889.
4889
What are the prime factors of 28398?
2, 3, 4733
What are the prime factors of 1537?
29, 53
What are the prime factors of 4557?
3, 7, 31
List the prime factors of 4781.
7, 683
What are the prime factors of 15213?
3, 11, 461
What are the prime factors of 7073?
11, 643
What are the prime factors of 330?
2, 3, 5, 11
What are the prime factors of 6529?
6529
What are the prime factors of 33130?
2, 5, 3313
List the prime factors of 23.
23
List the prime factors of 6388.
2, 1597
List the prime factors of 16541.
7, 17, 139
List the prime factors of 24802.
2, 12401
What are the prime factors of 5646?
2, 3, 941
What are the prime factors of 58127?
37, 1571
List the prime factors of 6901.
67, 103
List the prime factors of 27742.
2, 11, 13, 97
What are the prime factors of 591?
3, 197
List the prime factors of 4651.
4651
What are the prime factors of 298?
2, 149
What are the prime factors of 2894?
2, 1447
List the prime factors of 1965.
3, 5, 131
What are the prime factors of 11292?
2, 3, 941
List the prime factors of 2215.
5, 443
List the prime factors of 3127.
53, 59
What are the prime factors of 2859?
3, 953
List the prime factors of 1404.
2, 3, 13
List the prime factors of 813.
3, 271
What are the prime factors of 1840?
2, 5, 23
List the prime factors of 2186.
2, 1093
What are the prime factors of 1522?
2, 761
What are the prime factors of 430?
2, 5, 43
What are the prime factors of 73451?
7, 1499
List the prime factors of 19496.
2, 2437
List the prime factors of 2896.
2, 181
List the prime factors of 1536.
2, 3
List the prime factors of 502.
2, 251
What are the prime factors of 1942?
2, 971
What are the prime factors of 1268?
2, 317
List the prime factors of 602.
2, 7, 43
List the prime factors of 4761.
3, 23
List the prime factors of 55696.
2, 59
List the prime factors of 1051.
1051
List the prime factors of 6012.
2, 3, 167
What are the prime factors of 16670?
2, 5, 1667
What are the prime factors of 1788?
2, 3, 149
List the prime factors of 11715.
3, 5, 11, 71
What are the prime factors of 16608?
2, 3, 173
What are the prime factors of 4186?
2, 7, 13, 23
List the prime factors of 60278.
2, 30139
What are the prime factors of 2236?
2, 13, 43
List the prime factors of 22573.
22573
What are the prime factors of 23804?
2, 11, 541
What are the prime factors of 793?
13, 61
List the prime factors of 224.
2, 7
What are the prime factors of 16207?
19, 853
List the prime factors of 1268.
2, 317
What are the prime factors of 14965?
5, 41, 73
What are the prime factors of 12851?
71, 181
List the prime factors of 2156.
2, 7, 11
List the prime factors of 457.
457
What are the prime factors of 72334?
2, 59, 613
List the prime factors of 2011.
2011
What are the prime factors of 3356?
2, 839
What are the prime factors of 1381?
1381
What are the prime factors of 60?
2, 3, 5
List the prime factors of 5618.
2, 53
List the prime factors of 247.
13, 19
What are the prime factors of 496?
2, 31
List the prime factors of 29958.
2, 3, 4993
List the prime factors of 30272.
2, 11, 43
List the prime factors of 2248.
2, 281
List the prime factors of 4943.
4943
List the prime factors of 918.
2, 3, 17
What are the prime factors of 5514?
2, 3, 919
List the prime factors of 1411.
17, 83
List the prime factors of 65000.
2, 5, 13
What are the prime factors of 8290?
2, 5, 829
List the prime factors of 3977.
41, 97
List the prime factors of 1228.
2, 307
List the prime factors of 22070.
2, 5, 2207
List the prime factors of 3675.
3, 5, 7
What are the prime factors of 49043?
49043
List the prime factors of 16381.
16381
What are the prime factors of 13521?
3, 4507
List the prime factors of 443.
443
What are the prime factors of 332?
2, 83
List the prime factors of 370.
2, 5, 37
List the prime factors of 185380.
2, 5, 13, 23, 31
What are the prime factors of 368?
2, 23
What are the prime factors of 7513?
11, 683
What are the prime factors of 580?
2, 5, 29
What are the prime factors of 53490?
2, 3, 5, 1783
List the prime factors of 8862.
2, 3, 7, 211
List the prime factors of 236.
2, 59
What are the prime factors of 13761?
3, 11, 139
What are the prime factors of 3904?
2, 61
List the prime factors of 883.
883
What are the prime factors of 1435?
5, 7, 41
What are the prime factors of 2741?
2741
What are the prime factors of 3586?
2, 11, 163
What are the prime factors of 27860?
2, 5, 7, 199
List the prime factors of 4110.
2, 3, 5, 137
List the prime factors of 14059.
17, 827
What are the prime factors of 1028?
2, 257
List the prime factors of 4163.
23, 181
What are the prime factors of 4938?
2, 3, 823
What are the prime factors of 12268?
2, 3067
List the prime factors of 1823.
1823
List the prime factors of 45007.
45007
What are the prime factors of 20917?
13, 1609
What are the prime factors of 29795?
5, 59, 101
List the prime factors of 843.
3, 281
List the prime factors of 3533.
3533
What are the prime factors of 626?
2, 313
List the prime factors of 6194.
2, 19, 163
List the prime factors of 95.
5, 19
What are the prime factors of 2007?
3, 223
List the prime factors of 2921.
23, 127
List the prime factors of 569.
569
What are the prime factors of 1705?
5, 11, 31
What are the prime factors of 15936?
2, 3, 83
What are the prime factors of 552?
2, 3, 23
What are the prime factors of 7600?
2, 5, 19
What are the prime factors of 2051?
7, 293
List the prime factors of 45713.
17, 2689
What are the prime factors of 12459?
3, 4153
List the prime factors of 8446.
2, 41, 103
What are the prime factors of 4233?
3, 17, 83
What are the prime factors of 93701?
93701
List the prime factors of 880.
2, 5, 11
List the prime factors of 7103.
7103
List the prime factors of 8208.
2, 3, 19
What are the prime factors of 4293?
3, 53
What are the prime factors of 19843?
19843
List the prime factors of 6609.
3, 2203
What are the prime factors of 3340?
2, 5, 167
What are the prime factors of 1760?
2, 5, 11
What are the prime factors of 2247?
3, 7, 107
List the prime factors of 14521.
13, 1117
List the prime factors of 3226.
2, 1613
What are the prime factors of 3463?
3463
List the prime factors of 3488.
2, 109
What are the prime factors of 6376?
2, 797
List the prime factors of 25081.
7, 3583
What are the prime factors of 38481?
3, 101, 127
List the prime factors of 12618.
2, 3, 701
What are the prime factors of 15247?
79, 193
List the prime factors of 24893.
11, 31, 73
What are the prime factors of 243?
3
List the prime factors of 2719.
2719
List the prime factors of 14322.
2, 3, 7, 11, 31
What are the prime factors of 4307?
59, 73
What are the prime factors of 8153?
31, 263
What are the prime factors of 1632?
2, 3, 17
List the prime factors of 15794.
2, 53, 149
What are the prime factors of 5654?
2, 11, 257
What are the prime factors of 46822?
2, 41, 571
List the prime factors of 900.
2, 3, 5
What are the prime factors of 46352?
2, 2897
What are the prime factors of 10639?
10639
List the prime factors of 12076.
2, 3019
What are the prime factors of 1137?
3, 379
List the prime factors of 19548.
2, 3, 181
What are the prime factors of 7733?
11, 19, 37
What are the prime factors of 37294?
2, 29, 643
What are the prime factors of 9792?
2, 3, 17
What are the prime factors of 9010?
2, 5, 17, 53
List the prime factors of 671.
11, 61
What are the prime factors of 27383?
139, 197
What are the prime factors of 51?
3, 17
What